 a?
15
Suppose 5*w - 4*u = 79, 4*w - 5*w = -3*u - 7. Calculate the greatest common factor of 19 and w.
19
Let f(n) = -n**3 + n**2 + n + 495. Let t be f(0). What is the greatest common factor of t and 55?
55
Let q(p) = 12*p**2 + 8*p - 10. Let r be q(1). Calculate the greatest common factor of 1800 and r.
10
Let s be (-21)/(-14) + (-250)/(-4). Let i(p) = -58*p + 1 + s*p + p**2 - 13. Let v be i(8). What is the greatest common factor of 20 and v?
20
Let c = 178 + -74. What is the greatest common factor of c and 26?
26
Let v(k) = -2*k**3 + 29*k**2 + 87*k - 26. Let r be v(17). Suppose -4*c = -2*c + 22. Let z = c + 23. What is the greatest common divisor of r and z?
4
Let q = -67 - -77. Suppose -2*c + 444 = -0*l + 4*l, 4*c + 432 = 4*l. What is the greatest common divisor of l and q?
10
Suppose 4*a - 42 = -2*w, 3*w - 5 + 14 = 3*a. Let u = -4 + a. Suppose -3*h - 15 + 0 = 0, -u*h - 97 = -o. What is the greatest common divisor of o and 11?
11
Let n = -1036 - -1230. What is the greatest common factor of n and 2?
2
Suppose 3*b - 4*f = 74, -2*f - 108 = -5*b - 3*f. Calculate the highest common divisor of b and 110.
22
Let a be (18/1)/((-1)/(-3)). Let n = a - 18. Suppose -9*h - 47 + 83 = 0. Calculate the highest common divisor of h and n.
4
Suppose 7*y + 1687 = -343. Let l = -158 - y. Calculate the greatest common factor of 12 and l.
12
Let s(o) = 4*o - 1. Let q be s(1). Let j = 187 - 189. Let c be 18*-3*j/q. What is the greatest common divisor of 9 and c?
9
Suppose 90 = -15*v + 195. What is the greatest common divisor of 77 and v?
7
Suppose 27*c - 790 = 398. Let h(w) = w**2 - 3*w + 4. Let u be h(-3). Calculate the highest common factor of u and c.
22
Let j be 12/30 - (-6)/10. Let v be (-18)/42 - 3/(-7). Let b be (11 + -8)*(1 - v). What is the highest common divisor of b and j?
1
Let k be (-372)/8*4/3. Let l be (-1 - (-70)/3) + k/(-93). What is the greatest common divisor of 23 and l?
23
Suppose 13 + 2 = 3*j. Suppose 22 = 2*d - j*d + 4*z, 24 = -d - 2*z. Let k = 6 - d. What is the greatest common factor of 30 and k?
10
Suppose 0 = -5*v, 4*l - 12 = -3*v + 2*v. What is the highest common divisor of l and 7?
1
Let u be (-4)/6 + 16/6. Let p(t) = 168*t - 2. Let k be p(u). Let h = -217 + k. What is the highest common divisor of 13 and h?
13
Let g(r) = -r**3 - 4*r**2 - r + 6. Let t = 54 + -58. Let u be g(t). What is the highest common divisor of u and 25?
5
Suppose 4*k - 12 = 0, -1038 = -r + 3*k - 8*k. Suppose -47*i + r = -44*i. What is the highest common divisor of i and 31?
31
Suppose -32*q = -40*q + 1680. What is the greatest common divisor of q and 126?
42
Let h = 1702 - 1611. What is the greatest common divisor of 133 and h?
7
Let w be (3/(-4))/(38/(-456)). Let y = 78 - 42. What is the greatest common divisor of w and y?
9
Suppose -b + 5*k = -396, -20*k + 16*k + 1951 = 5*b. Calculate the greatest common factor of b and 23.
23
Let h = -968 + 1087. Calculate the greatest common divisor of h and 63.
7
Let o = 826 + -578. Calculate the greatest common factor of 93 and o.
31
Let s(t) = 107*t**2 - 11*t + 4. Let h be s(2). Calculate the highest common divisor of 246 and h.
82
Let t be ((-14)/4 - -5)*112/6. What is the highest common factor of t and 4?
4
Let h be (-10)/2*(-26)/(-5). Let p = -24 - h. What is the greatest common factor of 1 and p?
1
Let w be ((-280)/60 - (-5 - 0))*174. Calculate the highest common divisor of 377 and w.
29
Let n = 37 - 30. Suppose n*j + 5 = 215. Calculate the highest common factor of 6 and j.
6
Let a(x) = x - 5. Let l be a(9). Suppose 0 = 6*g + l - 70. Let o(d) = -d**2 - d + 99. Let t be o(0). Calculate the greatest common divisor of g and t.
11
Let a be 5/(-10) - 13871/(-26). What is the greatest common divisor of a and 13?
13
Suppose -30 = 24*q - 26*q + 6*f, 0 = 3*q - 2*f - 38. What is the highest common factor of 1572 and q?
12
Let l be 136/3 - 11/33. Calculate the highest common factor of 35 and l.
5
Let m(d) = -d**2 - 5*d + 10*d + 2*d. Let i be m(5). Let j be 25*(-1)/((-45)/27). Calculate the highest common factor of j and i.
5
Suppose 4 + 17 = -3*m. Let n(c) = -3*c**2 - 6*c - 4. Let y be n(m). Let b = -46 - y. Calculate the greatest common factor of b and 7.
7
Suppose 2*q = 5*l - 15, 0*l = 4*q - 3*l - 5. Suppose -q*f + 132 = 2*d, 2*d = 5 - 13. What is the greatest common divisor of f and 252?
28
Let w = 1 - -216. Let g = w - 63. Let u = 13 + 1. Calculate the greatest common divisor of u and g.
14
Suppose -3*q - 3 = -6. Suppose -q = -x + 19. Suppose 0 = 5*w - w - x. What is the highest common factor of w and 1?
1
Suppose -222 = -6*g + 48. What is the highest common factor of g and 60?
15
Let p = 20 - 14. Suppose 2*m - p*m = -1100. What is the greatest common divisor of 25 and m?
25
Suppose -5*h - 3*v + 100 = -0*h, 15 = 3*v. Let t(f) = 3*f**2 - 7*f + 3. Let c be 4 + 4 + -4 - 10. Let m be t(c). What is the highest common factor of h and m?
17
Let a be 0/(3 + -2) + 2. Suppose 4*r - z - 4 = -0*z, r + z = 1. Calculate the greatest common divisor of a and r.
1
Suppose 0 = 14*q - 2416 - 608. What is the greatest common divisor of 8 and q?
8
Suppose 54*c - 176 = 46*c. What is the greatest common divisor of c and 418?
22
Let d(s) = -4*s - 15. Let u(g) = g - 1. Let v(i) = -d(i) - 3*u(i). Let a be v(0). Calculate the highest common divisor of 27 and a.
9
Let g(s) be the third derivative of s**4/6 + s**3/3 - s**2. Let i be g(4). Let z = -1806 + 1842. Calculate the highest common divisor of z and i.
18
Let u(x) = -68*x - 785. Let m be u(-23). Calculate the greatest common divisor of m and 19.
19
Suppose -5*y + 240 = -300. Calculate the highest common divisor of 90 and y.
18
Let n = -798 + 921. What is the highest common divisor of 15 and n?
3
Let p(k) = -4*k + 2. Let g = -5 - -3. Let d be g*4/((-32)/(-20)). Let t be p(d). What is the highest common factor of 2 and t?
2
Let q = 40 + -19. Let n be 5/15 + (-140)/(-3). Let m = n - 44. What is the greatest common divisor of m and q?
3
Let p = -620 - -689. Calculate the greatest common factor of p and 483.
69
Suppose -2*x = -0*x + 3*b - 10, -2*b - 20 = -2*x. Calculate the highest common divisor of 4 and x.
4
Let n be (-14)/4*((-640)/(-28))/(-8). Calculate the highest common divisor of 80 and n.
10
Let z(x) = 2*x**2 - 1 - x**2 + 2. Let l be z(1). Suppose -h - 4*h + 70 = 0. What is the greatest common factor of l and h?
2
Let u be (-6)/9 + (-8)/(-12). Suppose u = 5*x - 17*x + 144. Calculate the highest common divisor of 12 and x.
12
Suppose 4*f - 91 = 53. Let x(o) = 1 - o - 2 + 6*o**2 - 1. Let l be x(-2). What is the highest common divisor of f and l?
12
Suppose 0*g + 6*g = 24. Let d be ((-2)/g)/(-4 + 3)*50. Calculate the highest common divisor of 25 and d.
25
Suppose 0*l = 5*l + 10. Let t be (88/(-16) - -2)*16/(-14). Let x be 36/l*t/(-2). Calculate the highest common factor of x and 72.
36
Suppose 3*c = -3*y - 378, -y - 2*y - 2*c = 379. Let i = -76 - y. What is the highest common factor of i and 17?
17
Suppose 4*u + 2*r - 112 = 0, -4*r = -r. Let j = -20 + u. Calculate the highest common divisor of 12 and j.
4
Let t(n) = -3*n**3 - 3*n**2 - 2*n + 4. Let a be (0 - 10)/(0 + 2) + 2. Let i be t(a). What is the greatest common divisor of i and 96?
32
Suppose -q = -0*q - 8. Let v(j) = j**2 - j + 2. Let g be v(q). Calculate the greatest common factor of 29 and g.
29
Let d(r) = -13*r + 15. Let u be d(-30). Calculate the greatest common divisor of u and 45.
45
Let q = -76 + 78. Suppose -2*d + 18 = 4*f, -4*d + 2*f = -q*f - 12. What is the highest common divisor of d and 10?
5
Let l = 2914 + -4312. Let g be 2/12 - l/36. Calculate the highest common factor of g and 26.
13
Let x be (-1*9)/((-2)/12). Let i(n) = -n + 34. Let j be i(4). Suppose -j = 42*k - 47*k. What is the greatest common divisor of k and x?
6
Let n = 48 - 10. What is the highest common divisor of 380 and n?
38
Let d(x) = x**2 - 16*x + 4. Let f(q) = 35*q - 3. Let h be f(1). Let s = -15 + h. Let m be d(s). Calculate the highest common factor of m and 3.
3
Suppose 4*o - 4*y = 76, 0 = 2*o + 41*y - 39*y - 54. Calculate the greatest common divisor of o and 207.
23
Let a be -3 + (-39)/(-12) - (-394)/(-8). Let h = a + 76. What is the highest common factor of 3 and h?
3
Let u = 1512 + -1437. Calculate the greatest common factor of 650 and u.
25
Let y(h) = -